{"id":2,"date":"2016-11-27T12:15:41","date_gmt":"2016-11-27T12:15:41","guid":{"rendered":"http:\/\/www.bekkestuahudklinikk.no\/?page_id=2"},"modified":"2024-12-12T12:06:31","modified_gmt":"2024-12-12T12:06:31","slug":"sample-page","status":"publish","type":"page","link":"https:\/\/bekkestuahudklinikk.no\/","title":{"rendered":"V\u00e5rt tilbud"},"content":{"rendered":"<h1><strong>V\u00c5RT TILBUD<\/strong><\/h1>\n<h3><em>Hva vi kan tilby ved Bekkestua Hudklinikk:<\/em><\/h3>\n<p>Vi gjennomf\u00f8rer utredninger og unders\u00f8kelser av f\u00f8lgende hudsykdommer og hudforandringer:<\/p>\n<ul>\n<li>Hudkreft og solskader<\/li>\n<li>F\u00f8flekker<\/li>\n<li>F\u00f8flekkreft<\/li>\n<li>Eksem<\/li>\n<li>Kontaktallergier og andre allergier<\/li>\n<li>Psoriasis<\/li>\n<li>Acne vulgaris og rosacea<\/li>\n<li>Andre hudsykdommer<\/li>\n<li>Huden generelt\/generell sjekk av huden<\/li>\n<\/ul>\n<p>Vi tilbyr den mest moderne og oppdaterte behandlingen av de ovenfor nevnte hudsykdommene og hudforandringene. Videre tilbyr vi fjerning av plagsomme, godartete hudforandringer. V\u00e5rt behandlingstilbud inkluderer f\u00f8lgende:<\/p>\n<ul>\n<li>Kirurgi<\/li>\n<li>Cryobehandling (Frysebehandling)<\/li>\n<li>Cauther (Brenning med moderne apparater)<\/li>\n<li>Photodynamisk behandling (PDT)<\/li>\n<li>Lysbehandling med TI01<\/li>\n<li>Behandling med kremer og medikamenter<\/li>\n<li>Kontaktallergitest<\/li>\n<li>Prikktest<\/li>\n<\/ul>\n<p>Vi tar n\u00f8dvendige blodpr\u00f8ver i v\u00e5r praksis.<\/p>\n<h3><em>Velkommen til Bekkestua Plastikk:<\/em><\/h3>\n<p>Overlege og spesialist i plastikkirurgi Simen B\u00f8 arbeider til daglig som overlege ved Plastikkirurgisk avdeling B\u00e6rum sykehus og har lang erfaring med plastikkirurgisk fjerning p\u00e5 hele kroppen, med spesialfelt hode og ansikt.<\/p>\n<p>Unng\u00e5 lange ventetider hos offentlig helsevesen for fjerning av alle typer hud forandringer som f\u00f8flekker, fettkuler (lipomer), hudkreft, samt arr korreksjoner (forbedring av arr), \u00f8yelokkplastikk og \u00f8yebrynsl\u00f8ft.<br \/>\nAlle inngrep utf\u00f8res selvsagt etter plastikkirurgiske prinsipper og i henhold til nasjonale retningslinjer.<br \/>\nDet er ikke behov for henvisning fra lege.<br \/>\nBehandlingen vil finne sted i flotte og moderne lokaler hos Bekkestua Hudklinikk torsdager fra kl 17-21.<\/p>\n<p>Vennligst ta kontakt for ytterligere informasjon og timebestilling.<\/p>\n<p>Vi gleder oss til \u00e5 ta deg imot!<\/p>\n","protected":false},"excerpt":{"rendered":"<p>V\u00c5RT TILBUD Hva vi kan tilby ved Bekkestua Hudklinikk: Vi gjennomf\u00f8rer utredninger og unders\u00f8kelser av f\u00f8lgende hudsykdommer og hudforandringer: Hudkreft og solskader F\u00f8flekker F\u00f8flekkreft Eksem Kontaktallergier og andre allergier Psoriasis Acne vulgaris og rosacea Andre hudsykdommer Huden generelt\/generell sjekk av huden Vi tilbyr den mest moderne og oppdaterte behandlingen av [&hellip;]<\/p>\n","protected":false},"author":1,"featured_media":0,"parent":0,"menu_order":0,"comment_status":"closed","ping_status":"open","template":"","meta":{"footnotes":""},"class_list":["post-2","page","type-page","status-publish","hentry"],"_links":{"self":[{"href":"https:\/\/bekkestuahudklinikk.no\/index.php?rest_route=\/wp\/v2\/pages\/2","targetHints":{"allow":["GET"]}}],"collection":[{"href":"https:\/\/bekkestuahudklinikk.no\/index.php?rest_route=\/wp\/v2\/pages"}],"about":[{"href":"https:\/\/bekkestuahudklinikk.no\/index.php?rest_route=\/wp\/v2\/types\/page"}],"author":[{"embeddable":true,"href":"https:\/\/bekkestuahudklinikk.no\/index.php?rest_route=\/wp\/v2\/users\/1"}],"replies":[{"embeddable":true,"href":"https:\/\/bekkestuahudklinikk.no\/index.php?rest_route=%2Fwp%2Fv2%2Fcomments&post=2"}],"version-history":[{"count":11,"href":"https:\/\/bekkestuahudklinikk.no\/index.php?rest_route=\/wp\/v2\/pages\/2\/revisions"}],"predecessor-version":[{"id":182,"href":"https:\/\/bekkestuahudklinikk.no\/index.php?rest_route=\/wp\/v2\/pages\/2\/revisions\/182"}],"wp:attachment":[{"href":"https:\/\/bekkestuahudklinikk.no\/index.php?rest_route=%2Fwp%2Fv2%2Fmedia&parent=2"}],"curies":[{"name":"wp","href":"https:\/\/api.w.org\/{rel}","templated":true}]}}